+ 10 = 0, 12*g - 7*g = 2*c + 75. Let u = -3 - -6. Suppose -v + g = -u. Calculate the greatest common factor of v and 30.
10
Let g be (11 - -3)/(3 - 1). Let a(d) = -d**2 + 2. Let i be a(-2). Let o be i/3*-3 + 66/2. What is the highest common factor of o and g?
7
Let f = 218 - 213. Suppose 3*i = -2*h + 494, 0 = -f*h - 3*i + 609 + 644. What is the greatest common factor of h and 22?
11
Let d be -10 - (-9 - 3141)/14. What is the highest common factor of d and 6278?
43
Suppose 6 = 5*k + 41. Let p be 118 + 1 - (k + 9). Let w be 10 - 5 - (-1 - 3) - -4. Calculate the highest common divisor of w and p.
13
Let z be (-190)/35*7/(-1). Let d be 421/2 - 95/z. Calculate the greatest common factor of d and 26.
26
Let n = -13894 - -13931. Suppose 4*p = -91 + 4135. Suppose -5*v + 651 = 2*k, 0*v - 4*v = -3*k + p. Calculate the highest common divisor of k and n.
37
Let w = -40390 + 40393. Calculate the highest common factor of 9249 and w.
3
Let i(y) = -18*y - 50. Let r be i(-11). Suppose -2*t - v = -84, -2*t + 4*v + r = t. What is the highest common factor of 121 and t?
11
Let l = -122 - -260. Let y be l/(-8)*-4 - -1. Suppose 3*k - 5*g = -0*g + y, -g = 4*k - 124. What is the greatest common divisor of k and 24?
6
Let n(k) = 13*k - 9. Let d be n(2). Suppose d*c - 554 = 2166. Suppose 2*p = 9 + 55. What is the greatest common factor of p and c?
32
Let d(z) = 38*z - 649. Let u be d(20). Calculate the greatest common divisor of 629 and u.
37
Let m be (-168)/(-1 + -1) + (-78 - -44 - -36). What is the greatest common divisor of 989 and m?
43
Suppose -5*j = 4*x - 1710, -3*j = 5*x + j - 2142. Suppose -h + 765 = 5*f - x, -2*f + 481 = h. Calculate the highest common divisor of f and 34.
34
Let b be (-5826)/(-5) - (-3)/(-15)*1. Suppose 0 = 13*w - 135 - b. Calculate the greatest common divisor of w and 25.
25
Suppose 1653 = -61*f + 90*f. Calculate the greatest common factor of f and 171.
57
Suppose 5*w - 30 = 0, 3*v + 788 = 8*v + 3*w. Suppose 5*j + 68 = -2*n, -55 = 5*n - j + 88. Let y = n + 51. What is the greatest common factor of v and y?
22
Suppose 4*j - 48 = 5*t + 37, 0 = 5*t + 5. Let g be j/170 + (-27184)/(-136). Calculate the highest common divisor of 16 and g.
8
Suppose -g - 4*g + 1235 = -160. Calculate the highest common factor of 18 and g.
9
Let g(o) = o**2 + 12*o + 32. Let z be g(-9). Calculate the highest common divisor of z and 165.
5
Let w(b) = -3*b + 3. Let c be w(-1). Let h be (c/(-8))/((-5)/(-20)). Let g be 3*4/(-6)*(h + 2). Calculate the greatest common factor of g and 22.
2
Let b be ((-160)/(-192) + 4/(-8))*249. Calculate the greatest common divisor of b and 14027.
83
Let b(z) = -z**3 + 18*z**2 + 22*z + 3. Let u be b(18). What is the highest common divisor of 14 and u?
7
Let f(q) = q + 3. Let d be f(4). Let g = 4711 + -4683. Calculate the highest common divisor of g and d.
7
Let g be 7 - 30/4*(-112)/8. Calculate the highest common factor of g and 26096.
112
Let z(u) = -7*u - 12. Let p be z(-6). Let k be (720944/(-120))/(-14) + (-4)/p. Calculate the highest common factor of k and 78.
39
Let v = 2301 + -2283. Calculate the highest common factor of 18 and v.
18
Let m be (-189)/(-42)*59880/18. What is the greatest common factor of 30 and m?
30
Suppose 0 = -y + 4, 3*q + y + 535 = 4*q. Let d = q - 518. Let g = -52 - -157. Calculate the greatest common divisor of d and g.
21
Let z = 154 - 150. Suppose 0*y - y + 60 = -z*n, -5*y + n = -395. Suppose -4*o = -2*o - 32. Calculate the highest common factor of o and y.
16
Suppose 0 = -2*f + 2, -25*t + 4093 = -17*t - 3*f. What is the greatest common factor of 6592 and t?
64
Let a = 10 + 12. Suppose a*o - 23*o = -3*t - 45, -o + 21 = 3*t. Let n = -58 - -91. What is the greatest common divisor of n and o?
33
Let s(u) = -u**3 - 5*u**2 - 8*u - 27. Let i be s(-5). Suppose i*m = 7*m + 6. Calculate the highest common divisor of 1 and m.
1
Let r(n) = n**2 + n + 1. Let u be r(0). Suppose g - 5*a + 53 = 0, -g + a - 1 = 36. Let i = g - -34. What is the highest common factor of i and u?
1
Let o(g) be the second derivative of g**4/6 + 17*g**2/2 - 2*g - 3. Let p be o(-13). What is the highest common divisor of p and 71?
71
Let u be -4*(3 - 20/(-8)). Let y be (-72)/(-396) + (-2086)/u. What is the greatest common factor of 5 and y?
5
Suppose -4*d = 5*u + 141, 3*u - 2*d + 147 = -2*u. Let g = -4 - u. Suppose -g = 6*s - 11*s. Calculate the greatest common divisor of 10 and s.
5
Suppose -10*q + 0*q + 5390 = 0. Suppose -2*a = 5*x - q - 729, 0 = x - 4. What is the greatest common factor of a and 96?
48
Let j(d) = d**3 + 12*d**2 - 198*d - 1480. Let x be j(-7). What is the greatest common divisor of 24462 and x?
151
Let v = 279 + -213. Let m be v/3 + (-6)/(-6). Calculate the greatest common divisor of m and 23.
23
Let y = -886 - -891. Suppose 3*p - 125 = -2*p. Let r = -10 + p. What is the greatest common factor of r and y?
5
Let y(b) be the third derivative of b**4/4 - b**3 - 5*b**2. Let m be y(3). Suppose 4*k + 5*k = 162. What is the highest common divisor of m and k?
6
Suppose 23413*i = 23441*i - 2772. Calculate the greatest common divisor of 66 and i.
33
Let d(v) = 2*v**2 + 93*v - 1127. Let m be d(11). What is the greatest common factor of m and 2001?
69
Let a be 55 - (-2 - -1 - 0). Let x = 307299 + -307201. Calculate the highest common factor of x and a.
14
Suppose -2*c + 274 = 264. Suppose -c*i + 246 = 3*p, 2*p = i - 3 - 41. Calculate the greatest common factor of i and 24.
24
Let r(k) = 7*k**2 + 4*k. Let z be r(3). Let o(n) = 3*n - 84. Let d be o(29). Suppose 2*h = -d*h + 75. Calculate the greatest common divisor of z and h.
15
Let h = -176 - -189. Suppose h*j - 901 = -264. Calculate the greatest common divisor of 147 and j.
49
Let t(u) = 10*u**2 - 78*u - 506. Let o be t(16). What is the highest common divisor of o and 234?
26
Suppose 2*r - 4 - 24 = 0. Let q(w) = -30*w - 97. Let a be q(-4). Suppose -a*j = -13*j - 1120. What is the greatest common factor of r and j?
14
Let r be (16/(-10))/((-2)/15). Suppose -13*o = -133 + 16. Let w be 444/o + r/18. Calculate the highest common divisor of w and 125.
25
Suppose 24*u - 155 = 13. Suppose 11*l + 4*i = u*l + 36, -2*i = -8. What is the greatest common factor of 3 and l?
1
Suppose -12 - 3 = -4*s + m, -s = -m - 6. Suppose -1194 - 678 = -s*l. Calculate the greatest common factor of l and 78.
78
Suppose -60 = -3*t - 12*t. Let j be (-390)/(-75)*(1 + t). Let n be (-2)/(-6) - (-646)/51. What is the highest common factor of n and j?
13
Let r = -2245 - -2279. Suppose -r*m = -64*m + 780. Let u = 1 - -12. What is the greatest common divisor of m and u?
13
Let i be (133/(-2))/(-1)*2. Let p(k) = -k + 37. Let g be p(-18). Let v be 8 + g*4/20. What is the greatest common factor of v and i?
19
Let q = -775 + 955. What is the highest common divisor of 40 and q?
20
Let r = 804 + -469. Let z = 390 - r. Calculate the greatest common factor of z and 5.
5
Let s be 7913/205 + ((-4)/5)/(-2). What is the highest common divisor of 1677 and s?
39
Let w be 18/99 + (-125334)/(-121). Calculate the greatest common factor of 777 and w.
259
Let r be 3*28/18*(-9)/(-6). Suppose x - 3*k = -1 - 4, r = 3*x + 2*k. Let a be (1 - (x + -59)) + 22/22. Calculate the highest common divisor of a and 150.
30
Suppose 500*j - 470*j = 3900. Calculate the highest common factor of j and 3040.
10
Let y(q) = 9*q**3 - 23*q**2 - 61 + 12*q**3 + 6 - 25*q - 22*q**3. Let b be y(-22). What is the highest common factor of 2 and b?
1
Let j be 34/(-14)*(146 + -181). Let s(o) = 679*o**2 + o. Let z be s(1). What is the greatest common factor of z and j?
85
Suppose -3*g = g - 20. Suppose -g*u = -v - 7 - 4, 5*v + 35 = 5*u. Let h be (-21)/(-7)*(-22)/v. What is the highest common divisor of 22 and h?
11
Suppose 30*s - 5507 = 9*s + 1318. What is the highest common divisor of 221 and s?
13
Suppose 1985*r - 1993*r + 96 = 0. Let t be -3 + (-10)/(-2) + -3. Let v be ((-16)/6)/(t + 76/84). What is the greatest common divisor of v and r?
4
Let q be (-3)/(18/2)*0. Suppose -o - 2*h + 19 = 0, 5*o - 3*h + 33 - 76 = q. Suppose -o*p + 36 = -30. Calculate the highest common divisor of p and 3.
3
Suppose -22 + 74 = 15*t - 53. What is the greatest common divisor of 1267 and t?
7
Let a = -689 + 607. Let i = 268 - a. Calculate the greatest common factor of 20 and i.
10
Let v(y) = -1